7 + -11 + 35.
25
Calculate (6 - 11 - (8 - 1)) + -15.
-27
Calculate 5 + 1 + -6 + -5.
-5
Evaluate -8 + 6 + (-13 + 7 - 2).
-10
Evaluate (2 - (-9 + -5 + 7)) + (-43 - -1).
-33
Evaluate 17 - (3 - (9 + -20)) - 1.
2
What is the value of -40 - (-12 - (-29 + 39))?
-18
What is (13 - (-3 - -9)) + -1 + -4?
2
Calculate 53 - (31 - (-33 - -32)).
21
656 + -623 + -39 + -2
-8
What is (178 - 175) + (1 - -1)?
5
What is -13 + (-20 - -9 - -2) + 2?
-20
What is the value of -160 + 152 - (-10 - 1)?
3
Evaluate -32 - (9 - (22 - 13) - 11).
-21
What is 2 + (0 - 11) + 11?
2
What is the value of (-119 - -79) + 0 + 46?
6
What is (-19 - -1) + (-1617 - -1642)?
7
Calculate 1 - -9 - (543 + -558).
25
0 - 3 - -3 - (-6 + 9 - 3)
0
16 - (7 + (13 - (15 - 5)))
6
36 - 80 - -8 - -14
-22
-31 + (6 - ((-7 - -17) + -9))
-26
38 + (17 - (-1 - -17) - 16)
23
Evaluate 0 - (-1 + -3 + 8).
-4
What is the value of -6 + -4 + 7 + -1 + 18 - -7?
21
(1 - 3) + -125 + 133
6
What is the value of (-7 + 0 - 27) + 7 + -4 + -4?
-35
What is the value of 9 + 0 - (-2 - 3 - -7)?
7
Evaluate (-23 - 1) + (33 - 25).
-16
What is the value of -183 + 176 - (-17 + 1)?
9
What is (1 - 9) + -19 + (1 - (-71 + 21))?
24
Calculate -7 + 4 + -5 + 3 + 1 + 5.
1
What is 15 + -20 + 9 + -3?
1
What is -23 + 40 - 39 - -1?
-21
(-20 + 3 - 3) + -133 + 137
-16
What is the value of (-33 - -24 - (2 + 3 + -32)) + 3?
21
Evaluate 88 + -82 + -1 + 1 + 11 + 1.
18
What is the value of (8 - 16) + 3 - -15?
10
What is (20 - 1) + (41 - 53)?
7
2 + -2 - (-25 + 7)
18
What is -21 - (-20 - (-21 - (-10 + 1)))?
-13
What is the value of 17 - (-29 - (15 + -36))?
25
What is the value of 7 + 1 + -1 + -25 + 23?
5
Calculate (8 - -18) + -19 - (0 + -1 + 1).
7
What is -4 + -9 + 2 + (-37 - -46)?
-2
Calculate (-644 - -637) + 16 + 0.
9
78 - 76 - (-27 - -6)
23
-14 - (7 + -10 - 4 - -14)
-21
What is the value of 9 + (13 + -9 - 18)?
-5
Evaluate (7 - 1) + -14 + (11 - 2).
1
What is the value of -35 + -24 + 11 + 27?
-21
What is the value of 12 + 14 + -3 + -8?
15
30 + -30 + -5 + -15 + 3
-17
Evaluate 0 + 0 + -8 - (-12 + -11).
15
Evaluate -13 - -2 - (-94 + 81).
2
What is the value of -7 - (-9 - (-22 - -25))?
5
Evaluate 10 - (0 - -1 - (-8 - 1 - -10)).
10
Calculate 7 - 2 - (0 - -13 - (13 - -3)).
8
What is the value of -16 - 0 - (-47 - -25)?
6
What is the value of (-5 - (-7 - (6 + -6))) + -10?
-8
Calculate (1581 - 1614) + 0 + 22.
-11
What is the value of 60 - (-40 + 100) - (1 + 0 - -5)?
-6
0 + 10 - (5 + 9 + 1)
-5
13 + (-28 + (17 - -7) - (-15 - -2))
22
Evaluate -9 + ((1 - 6) + 8 - 2) + 4.
-4
What is the value of (6 + -12 - -7) + -1?
0
Calculate 0 + 19 - (-78 - -94).
3
What is the value of 429 + -427 + 2 + -2?
2
Calculate 1 + 4 - -15 - 41.
-21
What is the value of -5 + 0 + -1 - (-21 + 45 + -17)?
-13
(28 - (43 + 26 + -30)) + (2 - -1)
-8
9 + 3 + (-31 - -27)
8
What is the value of -5 - (-2 - 1 - (0 - (-17 - -18)))?
-3
Calculate -40 + 47 + 0 + (-1 - 9).
-3
What is the value of 0 + (-14 - (-31 - (-10 + 17)))?
24
Evaluate 4 - (3 - (3 + -7 + (4 - 4))).
-3
Calculate 11 + -2 - (5 + -16 + 24).
-4
Calculate -5 - -27 - (2 + 1).
19
What is 4 + (-11 + -2 - (7 + -9))?
-7
What is 131 + -126 - (10 + 3)?
-8
What is (4 + 4 - (-6 + 19)) + 13 + -3?
5
-11 + 2 - 1 - (0 + -5 + -32)
27
Evaluate -2 - -2 - (-16 - -11).
5
8 - (16 + (16 - 20) - (1 - -8))
5
(-12 - -27) + (14 - 39)
-10
What is (17 - 8) + -8 + -6?
-5
What is the value of 1 + 15 + -116 + 103?
3
What is 2 + -4 + -1 + -5 + -1?
-9
(-19 - -55) + -38 - (-30 - 0 - 1)
29
(-4 - -8) + (22 - (1 + 11))
14
101 + -101 + -16 + 0 - -1
-15
Evaluate -1 - ((14 - 10) + 6).
-11
What is the value of -20 + 48 - 21 - (-12 + 3)?
16
Calculate -82 + 103 + (-43 - 2) + (1 - 3).
-26
Calculate 13 - ((-6 - 9) + 12).
16
Calculate -16 + -12 + 23 + -1 + 10.
4
13 + (-3 - 28) - -34
16
Evaluate (-4 - -9 - 1 - 3) + -22 + 43.
22
Evaluate 8 - (29 + -45) - 49.
-25
-19 + 10 + 7 - ((-9 - -3) + 2)
2
Calculate -260 + 271 - (-2 + 0 + 6 - -2).
5
-13 + (-11 - -9) - -5
-10
What is -16 + 1 + 11 + 4 + -3 + -3?
-6
Calculate 2 + (3 - 7) - (-9 + (-10 - -29)).
-12
Evaluate 0 + -18 + (1211 - 1181).
12
What is the value of 6 + (6 - -8) + -5 + -3 + 3?
15
What is the value of -9 + (545 + -542 - (-38 - (1 - 2)))?
31
What is 1 + -4 + 24 + -26 - (1 - 1)?
-5
Evaluate -4 + -3 + (10 - 9) + -3.
-9
Evaluate 158 + -147 + (-3 + 3 - 1).
10
Evaluate -24 + -15 + 14 + (15 - 3).
-13
Calculate (-2 + -5 - -1) + 2 + 7 + -10.
-7
Calculate -1 + (47 - (-21 - -52)).
15
Calculate 16 - 11 - (38 - 13).
-20
Calculate 21 + 8 - (20 - (30 + -16)).
23
Calculate -1 + 3 + -4 + 2 + -2 + 1.
-1
(2 - 7) + 11 + 11 + (3 - 9)
11
-5 + (-1 - (11 - 25))
8
Evaluate 17 + (-11 - -16 - 12).
10
Evaluate -3 + (-4 - 2) - (78 + -67).
-20
Calculate -9 - 13 - (63 + -72).
-13
Calculate -18 + (18 - -4 - 18).
-14
-5 - ((6 - 6) + 2 + -5) - 5
-7
What is (-2 - -8) + (687 - 667)?
26
Evaluate (4 - 2 - 8) + (85 - -12 - 116).
-25
What is the value of 13 + 1 + (-33 - -51) + (2 - 22)?
12
What is (-22 - -56) + -29 + (7 - (-1 + 3))?
10
What is (13 - (19 + 4 + -4)) + -14?
-20
What is the value of (0 - 28) + -2 + -16 + 2 + 21?
-23
(1 - 1) + (-296 - -287)
-9
What is the value of (2 - 6) + -2 + (211 - 202)?
3
Calculate 11 - (3 + (9 - -19)).
-20
Evaluate -8 - 5 - (-41 + 11) - (0 + -9).
26
What is the value of -32 + 12 + 14 - 22?
-28
Evaluate -34 - (-32 + 3 + -35).
30
What is the value of -2 - 8 - (-3 - (-4 + (-1 - -3)))?
-9
Calculate 4 + (-11 + 13 - 12) + 1.
-5
6 + 0 + (9 - 10) - 6
-1
What is the value of -2 + (13 - 11) + -16 + 1 + 2?
-13
What is -37 + 5 + (7 - 13 - -14)?
-24
Calculate -11 + 289 + -285 + (2 - -1).
-4
Calculate -9 - (-2 + 8 + (-26 - -23)).
-12
What is -19 + 35 + -18 + -3?
-5
-53 + 26 - 10 - -13
-24
Evaluate (15 - (30 + 9)) + 0.
-24
What is 18 + 17 + (-15 + 5 - 16)?
9
What is the value of -105 - -92 - (-6 + 0 + -1)?
-6
What is the value of 13 - (6 + -1) - -8?
16
Evaluate 33 - 34 - (1 + 10 - 23).
11
(3 - (-10 - -6)) + 1 + 3 + -5
6
Calculate -7 + (4 - (4 + -4 - 6 - -10)).
-7
What is 3 - (27 + -22 - -18)?
-20
What is the value of -7 - (-1 - ((0 - 0) + 4))?
-2
Calculate 16 - (0 - (-4 - -1)).
13
-1 + -41 + 60 + 0
18
What is 2 - (-14 + -3 + (35 - 27))?
11
What is 12 + (2 - 0 - (14 - 8))?
8
Evaluate 0 + -17 + 8 + -2 + 3 + 14.
6
Calculate -25 + -4 + -6 + 15 - -10.
-10
3 - 4 - -1 - (0 - 4)
4
What is the value of (-11 - (-10 + -2 - -4)) + -2?
-5
What is 9 + 7 + (-4 - (-22 + 13))?
21
What is 0 - 0 - 15 - (-11 + -6 + 13)?
-11
What is the value of (-5 - -14) + -3 - -2?
8
Evaluate 4 + -6 + 6 + -23 + 10.
-9
Calculate 8 - (19 - 11) - -15 - 5.
10
What is the value of -7 - (15 - 6 - 3) - -8?
-5
Evaluate -1 + -8 + 0 + (-6 - -18).
3
Evaluate -2 + 4 + -5 + (-33 - -29).
-7
What is the value of -3 + -19 + -19 + 45?
4
What is 42 - ((-66 - -43) + 33)?
32
Evaluate -2 + (3 - -2 - ((-3 - -3) + -4)).
7
What is the value of 4 + 2 - -3 - (-46 - -55)?
0
Calculate (22 - (23 + -6)) + -2 - (10 + 0).
-7
What is 5 - ((8 - (-3 + 6)) + 4) - 12?
-16
Calculate (-7 - (-6 - -2)) + -6 + 27.
18
What is -1875 + 1887 + (-1 - (-1 - (0 + -1)))?
11
-7 - (3 - 4) - (39 - 24)
-21
What is (-3 - (-27 + 0)) + -41?
-17
Calculate 4 + -5 + 0 + 12.
11
Calculate (2 - 0) + -28 + (-7 - -10) + 9.
-14
Calculate -10 - (-5 + (-5 - -6 - (-1 - -1))).
-6
What is the value of 20 + 17 + (-2 - 6) + -6 + -2?
21
What is (3 - 1) + -6 - (407 + -396)?
-15
Calculate 19 + -11 + -3 + 15.
20
What is (13 + (-12 - -5) - (0 - -5)) + 6?
7
What is -10 - (14 - 10 - 2) - (3 + 0)?
-15
What is the value of (3 + 7 - (3 + -8 + 0)) + -3?
12
Evaluate (-41 + 24 - -35) + (-9 - -3).
12
-19 - (-49 - (-18 + -4))
8
What is the value of 8 + 1 + 0 - (-78 + 49 - -24)?
14
Evaluate 1 + -3 - (-7 + 14 + -17).
8
Evaluate -7 + 19 + -15 + -33.
-36
7 + -1 + 0 + (-2 - -7) + 4
15
Evaluate -8 + -11 + (0 - (-2 - 3) - 2).
-16
8 + -9 + -4 - (0 + 1 - -4)
-10
Evaluate 9 - ((-5 - -6) + (-5 - 1)).
14
0 + 2 + 42 + -43 - (2 - 7)
6
1 + -1 - ((12 - (-9 - -32)) + 14)
-3
Evaluate 15 + -38 + 16 - (-1 + -18) - -9.
21
-7 - -23 - 7 - 16 - -20
13
1 + (-7 - -9) + 6 + 2 + 6
17
Calculate 23 + 1 + -4 - (6 - (12 + -5)).
21
-9 + (0 - (-10 - -8))
-7
What is (-1 - -3) + 2 + -3 + 0 + 4?
5
(4 - (5 + -6)) + (3 - (5 + -3))
6
What is the value of -10 - (8 - (-7 - -3)) - -12?
-10
Calculate (11 - 1) + (22 - 73 - -66).
25
What is the value of -4 + 13 + -2 + -4?
3
Evaluate -406 + 413 + -2 + 0 + 0 + -40.
-35
Wha